*m - 65. Let y = 1246 + -1233. Calculate the highest common factor of y and m.
13
Let k be 1 + 4 + (3 - 1). What is the greatest common divisor of k and 21?
7
Let c = -13 + 39. Let i = -17 + c. Calculate the greatest common factor of 45 and i.
9
Suppose -19 + 26 = o. Calculate the greatest common divisor of o and 224.
7
Suppose 0*c - 4*c = -920. Suppose c = 2*w + 2*y, 4*y = -0*y + 12. Calculate the highest common divisor of w and 16.
16
Let z be ((-5)/(25/(-10)))/(-2). Let f(v) = 160*v**2 + v + 1. Let p be f(z). Suppose -4*r - 100 = -9*r. Calculate the highest common factor of p and r.
20
Let y be 20/(-30)*(-228)/8. What is the greatest common divisor of y and 95?
19
Suppose 0 = -22*n + 16*n + 3240. Calculate the greatest common factor of n and 27.
27
Let n(k) be the first derivative of -3*k**2/2 + 7*k - 11. Let r be n(-4). Calculate the greatest common divisor of 152 and r.
19
Suppose 3*u - 3*v = -0*u + 33, -2*v - 6 = 0. What is the greatest common divisor of u and 40?
8
Let r = -3 + 9. What is the greatest common divisor of 138 and r?
6
Let c(m) be the second derivative of -m**3/2 + 23*m**2/2 - 14*m. Let s be c(6). Calculate the greatest common factor of 20 and s.
5
Let m = 1499 - -1732. Calculate the greatest common divisor of m and 9.
9
Let c be (15/20)/(3/1260). Suppose -4*u - c = -7*u. Let z = -27 + 42. Calculate the greatest common factor of u and z.
15
Let p(i) = 2*i - 2. Let d be p(3). Suppose d*b - b - 60 = 0. Let o be (9 - 8)/(2/10). Calculate the greatest common divisor of o and b.
5
Suppose -77*k - 7540 = -90*k. What is the highest common divisor of 348 and k?
116
Suppose 58*f + 120 = 61*f. What is the greatest common factor of f and 4?
4
Let u = -47 - -111. Let c be (-40)/(-3) + u/(-48). What is the greatest common divisor of c and 276?
12
Suppose 2832 = 778*u - 766*u. What is the greatest common factor of u and 295?
59
Let q = -12 + 16. Suppose 0 = -q*o + 9*o - 10. Let r be ((-11)/(-1))/(35/10 - 3). Calculate the greatest common factor of o and r.
2
Let r(k) = -k**3 - 3*k**2 + 6*k. Let y be r(-5). Let d = 44 - y. Let a = 346 + -202. Calculate the highest common factor of a and d.
24
Suppose 4*l + 2*p - 74 = 108, 3*p + 95 = 2*l. Let n be 3*(26/6 - 1). Suppose -n - l = -z. Calculate the highest common factor of 7 and z.
7
Suppose 0 = -w + 3, 5*z - w = -0*z - 223. Let y be (-4)/10 - z/10*1. Calculate the greatest common factor of y and 10.
2
Let j be 6*-1*(-30)/18. What is the greatest common factor of j and 110?
10
Let q be (-8)/4*54/(-4). Suppose -15 = -3*w + 3*s - 2*s, -3*s + q = 3*w. What is the greatest common factor of 9 and w?
3
Suppose 6 = 6*h - 6. Let r(u) = 41*u**3 - u**2 - 4*u + 3. Let g be r(h). What is the greatest common factor of 29 and g?
29
Let a(b) = -b + 29. Let g(s) = -1. Let u(m) = a(m) + 3*g(m). Let d be u(-10). Calculate the greatest common factor of 18 and d.
18
Let a(j) = 3*j**2 - 5*j - 3. Let x be a(6). Let p = 0 - -7. Suppose -p*d = -3*d - 120. Calculate the highest common divisor of x and d.
15
Let d = 1783 - 1640. Calculate the highest common factor of d and 88.
11
Suppose 3*y + d + 32 = 0, -y - 2*d + 1 - 15 = 0. Let i = 6 + y. Let u be 17*-2*2/i. What is the highest common divisor of 119 and u?
17
Let i = -5 - -27. Suppose 11*s + 192 = 7*s. Let y be 352/s*(-15)/2. What is the highest common divisor of i and y?
11
Suppose -4*h + 712 = 3*y, 4*h - 7*h + 475 = 2*y. What is the highest common divisor of y and 177?
59
Let d(q) be the third derivative of -q**5/60 - q**4/12 + 41*q**3/2 - q**2. Let h be d(0). Let p = 288 - h. Calculate the highest common divisor of 15 and p.
15
Let q be (-1)/((-8)/64) + 334. Calculate the highest common factor of 190 and q.
38
Let i(n) = -9*n + 6. Let u be i(-6). Suppose -2*d = -3*b + 46, b - 5*b + u = -2*d. What is the highest common divisor of b and 126?
14
Suppose 6*o - 170 = -26. Calculate the highest common factor of 6 and o.
6
Suppose -9*w = -19*w + 240. Calculate the greatest common divisor of w and 102.
6
Let m be (-167)/(-3) + (-6)/9. Calculate the highest common divisor of m and 935.
55
Let x = -76 - -109. Calculate the greatest common divisor of 9 and x.
3
Let c = 765 - 732. What is the greatest common factor of 1089 and c?
33
Let i be -2 + (-111)/(-15) + (-4)/10. What is the highest common divisor of i and 270?
5
Suppose 0 = -3*n - 4*l + 1637, n - l - 784 = -229. Calculate the highest common factor of n and 19.
19
Let y(s) = -s + 1. Let l(o) = 7*o - 148. Let w(b) = -l(b) - 5*y(b). Let j be w(0). Calculate the highest common factor of 13 and j.
13
Suppose 4*m - 4*a - 562 = -2*a, 0 = 3*m - 5*a - 404. Let w = -10 - -10. Let j = 13 + w. Calculate the greatest common factor of m and j.
13
Suppose -4*p + j = -24 - 60, -j = 2*p - 48. Let d = 62 - p. Calculate the highest common divisor of d and 8.
8
Let g be 8/68 + 271*(-6)/(-51). What is the highest common factor of 608 and g?
32
Suppose 0*n - n = f + 385, -786 = 2*n - 2*f. Let i = n - -752. What is the highest common factor of i and 33?
33
Suppose 5*l - 420 = 2*l. Calculate the highest common divisor of 50 and l.
10
Suppose 0 = -5*d + 10, 7*d = 3*n + 3*d - 3559. What is the highest common factor of 41 and n?
41
Let d be -632*(-5)/5 - -8. Calculate the highest common factor of 60 and d.
20
Suppose 116 = 3*x - 5*s, 0 = 2*s - 3 + 11. Calculate the greatest common factor of x and 72.
8
Let x be (2/(-8))/(2/(-8)). Let n = x + 63. Suppose 3*b - 31 = 17. Calculate the highest common factor of n and b.
16
Suppose 26 + 69 = h. Suppose 42 = -4*z + 7*z. Suppose -z = -u - 2*s + 14, -4*s - 58 = -u. What is the highest common divisor of h and u?
19
Let k = 1 + -5. Let m be 69/15 - k/10. Let i(x) = -x**2 + 6*x + 5. Let t be i(m). Calculate the greatest common factor of 110 and t.
10
Suppose 35*p - 39*p - 47 = -5*l, 4*p - 8 = 0. What is the greatest common divisor of 176 and l?
11
Let z = -116 - -151. What is the highest common divisor of 385 and z?
35
Let a(n) = 51*n + 2. Let o(q) = 2*q - 8. Let p be o(7). Let w be a(p). Let y = 52 - 24. Calculate the highest common divisor of w and y.
28
Let j(p) be the third derivative of p**5/60 + 3*p**4/8 + p**3/3 - 15*p**2. Let n be j(-10). What is the greatest common divisor of n and 84?
12
Let a(m) = -2*m**2 - 17*m - 32. Let x be a(-5). Calculate the greatest common divisor of 24 and x.
3
Let l(n) = 2*n + 47. Let x be l(-14). What is the highest common divisor of x and 1?
1
Suppose -5*s = 2*o - 234, 2*s - o = -0*s + 90. Suppose -3*q + 2*q + 2*f = -18, -2*q + 11 = f. Let l = q - -15. Calculate the highest common factor of l and s.
23
Suppose -206 = -3*j - 557. Let m = j - -145. What is the greatest common factor of m and 7?
7
Suppose 267 = i - l, 5*i - 4*l + 45 - 1383 = 0. What is the greatest common divisor of 10 and i?
10
Let s = -1614 - -1730. Calculate the greatest common factor of s and 2.
2
Suppose -6*q + 9*q = 399. Suppose q = 2*x + l, 2*l + 346 = 5*x - 0*l. Calculate the highest common divisor of 4 and x.
4
Suppose -226 + 32 = -4*g - 3*b, 4*b = 2*g - 108. What is the greatest common divisor of g and 150?
50
Suppose 17770 = 61*u - 1445. Calculate the highest common factor of u and 252.
63
Suppose -2*y - 69 + 79 = 0. Suppose y*u = 4*u + 126. What is the greatest common factor of u and 14?
14
Let t(n) = 17*n - 84. Let s be t(5). Let o be -5*((-32)/10)/2. What is the highest common divisor of s and o?
1
Let z = -707 - -1532. Calculate the greatest common divisor of z and 75.
75
Let u be (-2015)/(-25) - (-4)/10. Suppose -5*i = -t - u, 5*t - 4*t = 2*i - 30. Let n = -15 + i. Calculate the greatest common factor of n and 16.
2
Let t(x) = -x**2 + 7*x - 3. Let p = -16 + 30. Let o = 20 - p. Let k be t(o). What is the highest common divisor of k and 3?
3
Let a = -199 + 307. What is the greatest common divisor of 48 and a?
12
Let n = 6 - 5. Let o(u) = 79*u**3 - 2*u**2 + u. Let q be o(n). Let f = 61 - 35. Calculate the highest common divisor of f and q.
26
Suppose -50*p - 93*p = -1144. What is the highest common factor of p and 11?
1
Suppose f + 6 = 4*b, -2*b - 3*f = -0*f - 10. Suppose 0 = b*m - 2*a + 4*a - 106, 5*m - 283 = 4*a. What is the greatest common factor of m and 22?
11
Let t(c) = 2*c**3 + 26*c**2 - 22*c + 20. Let p be t(-13). Calculate the greatest common divisor of 6 and p.
6
Let c = -7